

{"id":4940,"date":"2025-04-18T08:06:33","date_gmt":"2025-04-18T06:06:33","guid":{"rendered":"https:\/\/olivierbeaugrand.com\/?page_id=4940"},"modified":"2025-04-18T09:17:41","modified_gmt":"2025-04-18T07:17:41","slug":"bassetts-vitamins","status":"publish","type":"page","link":"https:\/\/olivierbeaugrand.com\/index.php\/bassetts-vitamins\/","title":{"rendered":"Bassetts Vitamins"},"content":{"rendered":"<p>[vc_row lvca_dark_bg=&#8221;true&#8221; simple_background_color=&#8221;#dbe3e9&#8243;][vc_column]<div class=\"mkdf-elements-holder   mkdf-one-column  mkdf-responsive-mode-768 \" ><div class=\"mkdf-eh-item   mkdf-horizontal-alignment-center \" style=\"background-image: url(https:\/\/olivierbeaugrand.com\/wp-content\/uploads\/2025\/04\/header-basset.jpg)\" data-item-class=\"mkdf-eh-custom-5514\" data-1367-1600=\"223px 0px\" data-1025-1366=\"173px 0px\" data-769-1024=\"173px 0px\" data-681-768=\"173px 0px\" data-680=\"173px 0px\">\n\t<div class=\"mkdf-eh-item-inner\">\n\t\t<div class=\"mkdf-eh-item-content mkdf-eh-custom-5514\" style=\"padding: 273px 0px\">\n\t\t\t<div class=\"mkdf-section-title-holder  mkdf-st-standard mkdf-st- mkdf-st-normal-space \" style=\"text-align: center\">\n\t<div class=\"mkdf-st-inner\">\n\t\t\t\t\t<h1 class=\"mkdf-st-title\" style=\"color: #ffffff\">\n\t\t\t\tBassetts<br \/> Vitamins\t\t\t<\/h1>\n\t\t\t\t\t<\/div>\n<\/div>\t\t<\/div>\n\t<\/div>\n<\/div><\/div>[\/vc_column][\/vc_row][vc_row row_content_width=&#8221;grid&#8221; css=&#8221;.vc_custom_1744960657208{padding-top: 80px !important;padding-bottom: 0px !important;}&#8221; simple_background_color=&#8221;#000000&#8243;][vc_column][vc_column_text]<span style=\"color: #ffffff;\">Projet r\u00e9alis\u00e9 pour le compte de VCCP. Vid\u00e9os diffus\u00e9 aux USA et au Canada.<\/span>[\/vc_column_text][\/vc_column][\/vc_row][vc_row row_content_width=&#8221;grid&#8221; css=&#8221;.vc_custom_1744952242559{padding-top: 0px !important;padding-bottom: 180px !important;}&#8221; simple_background_color=&#8221;#000000&#8243;][vc_column width=&#8221;1\/2&#8243;][vc_single_image image=&#8221;4943&#8243; img_size=&#8221;full&#8221;][vc_empty_space height=&#8221;16&#8243;][vc_single_image image=&#8221;4951&#8243; img_size=&#8221;full&#8221;][vc_empty_space height=&#8221;16&#8243;][vc_single_image image=&#8221;4955&#8243; img_size=&#8221;full&#8221;][vc_empty_space height=&#8221;16&#8243;][\/vc_column][vc_column width=&#8221;1\/2&#8243;][vc_single_image image=&#8221;4949&#8243; img_size=&#8221;full&#8221;][vc_empty_space height=&#8221;16&#8243;][vc_single_image image=&#8221;4946&#8243; img_size=&#8221;full&#8221;][vc_empty_space height=&#8221;16&#8243;][vc_single_image image=&#8221;4957&#8243; img_size=&#8221;full&#8221;][vc_empty_space height=&#8221;16&#8243;][\/vc_column][\/vc_row]<\/p>\n","protected":false},"excerpt":{"rendered":"<p>[vc_row lvca_dark_bg=&#8221;true&#8221; simple_background_color=&#8221;#dbe3e9&#8243;][vc_column][\/vc_column][\/vc_row][vc_row row_content_width=&#8221;grid&#8221; css=&#8221;.vc_custom_1744960657208{padding-top: 80px !important;padding-bottom: 0px !important;}&#8221; simple_background_color=&#8221;#000000&#8243;][vc_column][vc_column_text]Projet r\u00e9alis\u00e9 pour le compte de VCCP. Vid\u00e9os diffus\u00e9 aux USA et au Canada.[\/vc_column_text][\/vc_column][\/vc_row][vc_row row_content_width=&#8221;grid&#8221; css=&#8221;.vc_custom_1744952242559{padding-top: 0px !important;padding-bottom: 180px !important;}&#8221; simple_background_color=&#8221;#000000&#8243;][vc_column width=&#8221;1\/2&#8243;][vc_single_image image=&#8221;4943&#8243; img_size=&#8221;full&#8221;][vc_empty_space height=&#8221;16&#8243;][vc_single_image image=&#8221;4951&#8243; img_size=&#8221;full&#8221;][vc_empty_space height=&#8221;16&#8243;][vc_single_image image=&#8221;4955&#8243; img_size=&#8221;full&#8221;][vc_empty_space height=&#8221;16&#8243;][\/vc_column][vc_column width=&#8221;1\/2&#8243;][vc_single_image image=&#8221;4949&#8243; img_size=&#8221;full&#8221;][vc_empty_space height=&#8221;16&#8243;][vc_single_image image=&#8221;4946&#8243; img_size=&#8221;full&#8221;][vc_empty_space height=&#8221;16&#8243;][vc_single_image image=&#8221;4957&#8243; img_size=&#8221;full&#8221;][vc_empty_space height=&#8221;16&#8243;][\/vc_column][\/vc_row]<\/p>\n","protected":false},"author":1,"featured_media":0,"parent":0,"menu_order":0,"comment_status":"closed","ping_status":"closed","template":"full-width.php","meta":{"tpgb_global_settings":"","pgc_sgb_lightbox_settings":"","footnotes":""},"class_list":["post-4940","page","type-page","status-publish","hentry"],"tpgb_featured_images":null,"tpgb_post_meta_info":{"get_date":"18 April 2025","get_modified_date":"18 April 2025","author_name":"admin6889","author_url":"https:\/\/olivierbeaugrand.com\/index.php\/author\/admin6889\/","author_email":"olivierbeaugrand@live.com","author_website":"http:\/\/olivierbeaugrand.com","author_description":"","author_facebook":"","author_twitter":"","author_instagram":"","author_role":["administrator"],"author_firstname":"","author_lastname":"","user_login":"admin6889","author_avatar":"<img alt='' src='https:\/\/secure.gravatar.com\/avatar\/fbd75701553054cea1c09b841228b1c557bd5f292805dc0ee33c7d62685b5fd7?s=200&#038;d=mm&#038;r=g' srcset='https:\/\/secure.gravatar.com\/avatar\/fbd75701553054cea1c09b841228b1c557bd5f292805dc0ee33c7d62685b5fd7?s=400&#038;d=mm&#038;r=g 2x' class='avatar avatar-200 photo' height='200' width='200' loading='lazy' decoding='async'\/>","author_avatar_url":"https:\/\/secure.gravatar.com\/avatar\/fbd75701553054cea1c09b841228b1c557bd5f292805dc0ee33c7d62685b5fd7?s=96&d=mm&r=g","comment_count":0,"post_likes":0,"post_views":0},"tpgb_post_category":[],"_links":{"self":[{"href":"https:\/\/olivierbeaugrand.com\/index.php\/wp-json\/wp\/v2\/pages\/4940","targetHints":{"allow":["GET"]}}],"collection":[{"href":"https:\/\/olivierbeaugrand.com\/index.php\/wp-json\/wp\/v2\/pages"}],"about":[{"href":"https:\/\/olivierbeaugrand.com\/index.php\/wp-json\/wp\/v2\/types\/page"}],"author":[{"embeddable":true,"href":"https:\/\/olivierbeaugrand.com\/index.php\/wp-json\/wp\/v2\/users\/1"}],"replies":[{"embeddable":true,"href":"https:\/\/olivierbeaugrand.com\/index.php\/wp-json\/wp\/v2\/comments?post=4940"}],"version-history":[{"count":14,"href":"https:\/\/olivierbeaugrand.com\/index.php\/wp-json\/wp\/v2\/pages\/4940\/revisions"}],"predecessor-version":[{"id":4944,"href":"https:\/\/olivierbeaugrand.com\/index.php\/wp-json\/wp\/v2\/pages\/4940\/revisions\/4944"}],"wp:attachment":[{"href":"https:\/\/olivierbeaugrand.com\/index.php\/wp-json\/wp\/v2\/media?parent=4940"}],"curies":[{"name":"wp","href":"https:\/\/api.w.org\/{rel}","templated":true}]}}