

{"id":5030,"date":"2025-04-19T08:02:36","date_gmt":"2025-04-19T06:02:36","guid":{"rendered":"https:\/\/olivierbeaugrand.com\/?page_id=5030"},"modified":"2025-04-20T05:24:10","modified_gmt":"2025-04-20T03:24:10","slug":"36-days-of-type","status":"publish","type":"page","link":"https:\/\/olivierbeaugrand.com\/index.php\/36-days-of-type\/","title":{"rendered":"36 Days of Type"},"content":{"rendered":"<p>[vc_row lvca_dark_bg=&#8221;true&#8221; simple_background_color=&#8221;#000000&#8243;][vc_column]<div class=\"mkdf-elements-holder   mkdf-one-column  mkdf-responsive-mode-768 \" ><div class=\"mkdf-eh-item   mkdf-horizontal-alignment-center \" style=\"background-image: url(https:\/\/olivierbeaugrand.com\/wp-content\/uploads\/2025\/04\/Zero_-_24_Main_0001-copy.jpg)\" data-item-class=\"mkdf-eh-custom-6309\" data-1367-1600=\"223px 0px\" data-1025-1366=\"173px 0px\" data-769-1024=\"173px 0px\" data-681-768=\"173px 0px\" data-680=\"173px 0px\">\n\t<div class=\"mkdf-eh-item-inner\">\n\t\t<div class=\"mkdf-eh-item-content mkdf-eh-custom-6309\" style=\"padding: 273px 0px\">\n\t\t\t<div class=\"mkdf-section-title-holder  mkdf-st-standard mkdf-st- mkdf-st-normal-space \" style=\"text-align: center\">\n\t<div class=\"mkdf-st-inner\">\n\t\t\t\t\t<h1 class=\"mkdf-st-title\" style=\"color: #3e434d\">\n\t\t\t\t36 days<br \/> of type\t\t\t<\/h1>\n\t\t\t\t\t<\/div>\n<\/div>\t\t<\/div>\n\t<\/div>\n<\/div><\/div>[\/vc_column][\/vc_row][vc_row row_content_width=&#8221;grid&#8221; css=&#8221;.vc_custom_1619885301763{padding-top: 80px !important;padding-bottom: 50px !important;}&#8221; simple_background_color=&#8221;#000000&#8243;][vc_column][vc_column_text]<\/p>\n<p class=\"\" data-start=\"159\" data-end=\"486\"><strong data-start=\"159\" data-end=\"178\">36 Days of Type<\/strong> est un projet cr\u00e9atif annuel qui invite designers, illustrateurs et artistes du monde entier \u00e0 r\u00e9interpr\u00e9ter les lettres et chiffres de l\u2019alphabet sur une p\u00e9riode de 36 jours. Chaque jour correspond \u00e0 un caract\u00e8re, offrant un terrain d\u2019expression libre et stimulant pour explorer de nouveaux styles visuels.<\/p>\n<p class=\"\" data-start=\"488\" data-end=\"679\">Dans ce cadre, j\u2019ai eu l\u2019opportunit\u00e9 de participer au projet au sein de l\u2019agence <strong data-start=\"569\" data-end=\"577\">VCCP<\/strong>, en r\u00e9alisant une s\u00e9rie d\u2019illustrations 3D autour des caract\u00e8res <strong data-start=\"643\" data-end=\"648\">0<\/strong>, <strong data-start=\"650\" data-end=\"655\">7<\/strong> et <strong data-start=\"659\" data-end=\"664\">&amp;<\/strong> (esperluette).<\/p>\n<p class=\"\" data-start=\"681\" data-end=\"911\">Sans contrainte th\u00e9matique impos\u00e9e, j\u2019ai choisi de m\u2019inspirer de la <strong data-start=\"749\" data-end=\"759\">nature<\/strong> : formes organiques, textures v\u00e9g\u00e9tales, atmosph\u00e8res po\u00e9tiques\u2026 Chaque visuel est une exploration cr\u00e9ative, entre abstraction et narration silencieuse.<\/p>\n<p class=\"\" data-start=\"913\" data-end=\"1076\">Les images ont \u00e9t\u00e9 r\u00e9alis\u00e9es avec <strong data-start=\"947\" data-end=\"960\">Cinema 4D<\/strong>, <strong data-start=\"962\" data-end=\"973\">Houdini<\/strong> et <strong data-start=\"977\" data-end=\"994\">Octane Render<\/strong>, combinant mod\u00e9lisation proc\u00e9durale, travail des mati\u00e8res et rendu photor\u00e9aliste.<\/p>\n<p>[\/vc_column_text][\/vc_column][\/vc_row][vc_row content_text_aligment=&#8221;center&#8221; css=&#8221;.vc_custom_1619932933395{padding-top: 60px !important;padding-bottom: 60px !important;}&#8221; simple_background_color=&#8221;#000000&#8243;][vc_column]<div class=\"mkdf-section-title-holder  mkdf-st-standard mkdf-st- mkdf-st-normal-space \" style=\"text-align: center\">\n\t<div class=\"mkdf-st-inner\">\n\t\t\t\t\t<h1 class=\"mkdf-st-title\" style=\"color: #ffffff\">\n\t\t\t\tZ\u00e9ro\t\t\t<\/h1>\n\t\t\t\t\t<\/div>\n<\/div>[\/vc_column][\/vc_row][vc_row row_content_width=&#8221;grid&#8221; css=&#8221;.vc_custom_1619885016272{padding-top: 80px !important;padding-bottom: 180px !important;}&#8221; simple_background_color=&#8221;#000000&#8243;][vc_column][vc_single_image image=&#8221;4585&#8243; img_size=&#8221;full&#8221; alignment=&#8221;center&#8221;][vc_empty_space height=&#8221;16&#8243;][vc_single_image image=&#8221;4588&#8243; img_size=&#8221;full&#8221; alignment=&#8221;center&#8221;][vc_empty_space height=&#8221;16&#8243;][vc_single_image image=&#8221;4587&#8243; img_size=&#8221;full&#8221; alignment=&#8221;center&#8221;][vc_empty_space height=&#8221;16&#8243;][\/vc_column][\/vc_row][vc_row content_text_aligment=&#8221;center&#8221; css=&#8221;.vc_custom_1619932933395{padding-top: 60px !important;padding-bottom: 60px !important;}&#8221; simple_background_color=&#8221;#000000&#8243;][vc_column]<div class=\"mkdf-section-title-holder  mkdf-st-standard mkdf-st- mkdf-st-normal-space \" style=\"text-align: center\">\n\t<div class=\"mkdf-st-inner\">\n\t\t\t\t\t<h1 class=\"mkdf-st-title\" style=\"color: #ffffff\">\n\t\t\t\tSept\t\t\t<\/h1>\n\t\t\t\t\t<\/div>\n<\/div>[\/vc_column][\/vc_row][vc_row row_content_width=&#8221;grid&#8221; css=&#8221;.vc_custom_1619885016272{padding-top: 80px !important;padding-bottom: 180px !important;}&#8221; simple_background_color=&#8221;#000000&#8243;][vc_column][vc_single_image image=&#8221;4555&#8243; img_size=&#8221;full&#8221; alignment=&#8221;center&#8221;][vc_empty_space height=&#8221;16&#8243;][vc_single_image image=&#8221;4558&#8243; img_size=&#8221;full&#8221; alignment=&#8221;center&#8221;][vc_empty_space height=&#8221;16&#8243;][vc_single_image image=&#8221;4559&#8243; img_size=&#8221;full&#8221; alignment=&#8221;center&#8221;][vc_empty_space height=&#8221;16&#8243;][\/vc_column][\/vc_row][vc_row content_text_aligment=&#8221;center&#8221; css=&#8221;.vc_custom_1619932933395{padding-top: 60px !important;padding-bottom: 60px !important;}&#8221; simple_background_color=&#8221;#000000&#8243;][vc_column]<div class=\"mkdf-section-title-holder  mkdf-st-standard mkdf-st- mkdf-st-normal-space \" style=\"text-align: center\">\n\t<div class=\"mkdf-st-inner\">\n\t\t\t\t\t<h1 class=\"mkdf-st-title\" style=\"color: #ffffff\">\n\t\t\t\tesperluette\t\t\t<\/h1>\n\t\t\t\t\t<\/div>\n<\/div>[\/vc_column][\/vc_row]<\/p>\n","protected":false},"excerpt":{"rendered":"<p>[vc_row lvca_dark_bg=&#8221;true&#8221; simple_background_color=&#8221;#000000&#8243;][vc_column][\/vc_column][\/vc_row][vc_row row_content_width=&#8221;grid&#8221; css=&#8221;.vc_custom_1619885301763{padding-top: 80px !important;padding-bottom: 50px !important;}&#8221; simple_background_color=&#8221;#000000&#8243;][vc_column][vc_column_text] 36 Days of Type est un projet cr\u00e9atif annuel qui invite designers, illustrateurs et artistes du monde entier \u00e0 r\u00e9interpr\u00e9ter les lettres et chiffres de l\u2019alphabet sur une p\u00e9riode de 36 jours. Chaque jour correspond \u00e0 un caract\u00e8re, offrant un terrain d\u2019expression libre et stimulant pour [&hellip;]<\/p>\n","protected":false},"author":1,"featured_media":0,"parent":0,"menu_order":0,"comment_status":"closed","ping_status":"closed","template":"full-width.php","meta":{"tpgb_global_settings":"","pgc_sgb_lightbox_settings":"","footnotes":""},"class_list":["post-5030","page","type-page","status-publish","hentry"],"tpgb_featured_images":null,"tpgb_post_meta_info":{"get_date":"19 April 2025","get_modified_date":"20 April 2025","author_name":"admin6889","author_url":"https:\/\/olivierbeaugrand.com\/index.php\/author\/admin6889\/","author_email":"olivierbeaugrand@live.com","author_website":"http:\/\/olivierbeaugrand.com","author_description":"","author_facebook":"","author_twitter":"","author_instagram":"","author_role":["administrator"],"author_firstname":"","author_lastname":"","user_login":"admin6889","author_avatar":"<img alt='' src='https:\/\/secure.gravatar.com\/avatar\/fbd75701553054cea1c09b841228b1c557bd5f292805dc0ee33c7d62685b5fd7?s=200&#038;d=mm&#038;r=g' srcset='https:\/\/secure.gravatar.com\/avatar\/fbd75701553054cea1c09b841228b1c557bd5f292805dc0ee33c7d62685b5fd7?s=400&#038;d=mm&#038;r=g 2x' class='avatar avatar-200 photo' height='200' width='200' loading='lazy' decoding='async'\/>","author_avatar_url":"https:\/\/secure.gravatar.com\/avatar\/fbd75701553054cea1c09b841228b1c557bd5f292805dc0ee33c7d62685b5fd7?s=96&d=mm&r=g","comment_count":0,"post_likes":0,"post_views":0},"tpgb_post_category":[],"_links":{"self":[{"href":"https:\/\/olivierbeaugrand.com\/index.php\/wp-json\/wp\/v2\/pages\/5030","targetHints":{"allow":["GET"]}}],"collection":[{"href":"https:\/\/olivierbeaugrand.com\/index.php\/wp-json\/wp\/v2\/pages"}],"about":[{"href":"https:\/\/olivierbeaugrand.com\/index.php\/wp-json\/wp\/v2\/types\/page"}],"author":[{"embeddable":true,"href":"https:\/\/olivierbeaugrand.com\/index.php\/wp-json\/wp\/v2\/users\/1"}],"replies":[{"embeddable":true,"href":"https:\/\/olivierbeaugrand.com\/index.php\/wp-json\/wp\/v2\/comments?post=5030"}],"version-history":[{"count":12,"href":"https:\/\/olivierbeaugrand.com\/index.php\/wp-json\/wp\/v2\/pages\/5030\/revisions"}],"predecessor-version":[{"id":5056,"href":"https:\/\/olivierbeaugrand.com\/index.php\/wp-json\/wp\/v2\/pages\/5030\/revisions\/5056"}],"wp:attachment":[{"href":"https:\/\/olivierbeaugrand.com\/index.php\/wp-json\/wp\/v2\/media?parent=5030"}],"curies":[{"name":"wp","href":"https:\/\/api.w.org\/{rel}","templated":true}]}}