

{"id":5172,"date":"2025-06-08T07:10:32","date_gmt":"2025-06-08T05:10:32","guid":{"rendered":"https:\/\/olivierbeaugrand.com\/?page_id=5172"},"modified":"2026-03-28T16:53:31","modified_gmt":"2026-03-28T15:53:31","slug":"white-claw-big-surf","status":"publish","type":"page","link":"https:\/\/olivierbeaugrand.com\/index.php\/white-claw-big-surf\/","title":{"rendered":"White Claw &#8211; Big Surf"},"content":{"rendered":"<p>[vc_row lvca_dark_bg=&#8221;true&#8221; simple_background_color=&#8221;#000000&#8243;][vc_column]<div class=\"mkdf-elements-holder   mkdf-one-column  mkdf-responsive-mode-768 \" ><div class=\"mkdf-eh-item   mkdf-horizontal-alignment-center \" style=\"background-image: url(https:\/\/olivierbeaugrand.com\/wp-content\/uploads\/2025\/04\/ai-agents.png)\" data-item-class=\"mkdf-eh-custom-1169\" data-1367-1600=\"223px 0px\" data-1025-1366=\"173px 0px\" data-769-1024=\"173px 0px\" data-681-768=\"173px 0px\" data-680=\"173px 0px\">\n\t<div class=\"mkdf-eh-item-inner\">\n\t\t<div class=\"mkdf-eh-item-content mkdf-eh-custom-1169\" style=\"padding: 273px 0px\">\n\t\t\t<div class=\"mkdf-section-title-holder  mkdf-st-standard mkdf-st- mkdf-st-normal-space \" style=\"text-align: center\">\n\t<div class=\"mkdf-st-inner\">\n\t\t\t\t\t<h1 class=\"mkdf-st-title\" style=\"color: #ffffff\">\n\t\t\t\tWhite Claw<br \/> Big Surf\t\t\t<\/h1>\n\t\t\t\t\t<\/div>\n<\/div>\t\t<\/div>\n\t<\/div>\n<\/div><\/div>[\/vc_column][\/vc_row][vc_row row_content_width=&#8221;grid&#8221; css=&#8221;.vc_custom_1619956442855{padding-top: 80px !important;padding-bottom: 180px !important;}&#8221; simple_background_color=&#8221;#000000&#8243;][vc_column][vc_column_text]<\/p>\r\n<p class=\"\" data-start=\"101\" data-end=\"370\"><span style=\"color: #ffffff;\">\u00c0 l\u2019occasion du lancement des Agents AI de Pigment, j\u2019ai \u00e9t\u00e9 charg\u00e9 de concevoir &#8216; habillage graphique d\u2019une interview des deux fondateurs.<\/span><br data-start=\"249\" data-end=\"252\" \/><span style=\"color: #ffffff;\">L\u2019objectif : illustrer leurs propos de mani\u00e8re dynamique et accessible, \u00e0 travers une s\u00e9rie d\u2019animations 2D et 3D.<\/span><\/p>\r\n<p class=\"\" data-start=\"372\" data-end=\"723\"><span style=\"color: #ffffff;\">En seulement quelques jours, j\u2019ai imagin\u00e9 un univers visuel m\u00ealant graphisme vectoriel, mod\u00e9lisation 3D, en utilisant Illustrator, Cinema 4D et Octane Render.<\/span><br data-start=\"572\" data-end=\"575\" \/><span style=\"color: #ffffff;\">Le principal d\u00e9fi : cr\u00e9er un contenu riche, lisible et coh\u00e9rent dans un d\u00e9lai serr\u00e9.<\/span><\/p>\r\n<p>[\/vc_column_text][vc_empty_space height=&#8221;32&#8243;][vc_video link=&#8221;https:\/\/youtu.be\/hUD8jHJSRko&#8221; align=&#8221;center&#8221;][\/vc_column][\/vc_row][vc_row content_text_aligment=&#8221;center&#8221; css=&#8221;.vc_custom_1744819779735{padding-top: 40px !important;padding-bottom: 40px !important;}&#8221; simple_background_color=&#8221;#000000&#8243;][vc_column]<div class=\"mkdf-section-title-holder  mkdf-st-standard mkdf-st- mkdf-st-normal-space \" style=\"text-align: center\">\n\t<div class=\"mkdf-st-inner\">\n\t\t\t\t\t<h1 class=\"mkdf-st-title\" style=\"color: #ffffff\">\n\t\t\t\t1eres<br \/> explorations\t\t\t<\/h1>\n\t\t\t\t\t<\/div>\n<\/div>[\/vc_column][\/vc_row][vc_row row_content_width=&#8221;grid&#8221; css=&#8221;.vc_custom_1744819804821{padding-top: 120px !important;padding-bottom: 16px !important;}&#8221; simple_background_color=&#8221;#000000&#8243;][vc_column width=&#8221;1\/2&#8243;][vc_column_text css=&#8221;.vc_custom_1749376023821{margin-top: 0px !important;margin-bottom: 0px !important;border-top-width: 0px !important;border-bottom-width: 0px !important;padding-top: 0px !important;padding-bottom: 0px !important;}&#8221;]<\/p>\r\n<figure class=\"wp-block-video aligncenter\"><video src=\"https:\/\/olivierbeaugrand.com\/wp-content\/uploads\/2025\/06\/Intro_2025-06-08_11_40.mp4\" preload=\"auto\" autoplay=\"autoplay\" loop=\"loop\" muted=\"\" width=\"1280\" height=\"360\"><\/video><\/figure>\r\n<p>[\/vc_column_text][vc_column_text css=&#8221;.vc_custom_1749376142173{margin-top: 0px !important;margin-bottom: 0px !important;border-top-width: 0px !important;border-bottom-width: 0px !important;padding-top: 0px !important;padding-bottom: 0px !important;}&#8221;]<\/p>\r\n\r\n<figure class=\"wp-block-video aligncenter\"><video src=\"https:\/\/olivierbeaugrand.com\/wp-content\/uploads\/2025\/06\/Ouverture_Can_03_2025-06-08_11_41.mp4\" preload=\"auto\" autoplay=\"autoplay\" loop=\"loop\" muted=\"\" width=\"1280\" height=\"360\"><\/video><\/figure>\r\n<p>[\/vc_column_text][vc_column_text css=&#8221;.vc_custom_1749376518161{margin-top: 0px !important;margin-bottom: 0px !important;border-top-width: 0px !important;border-bottom-width: 0px !important;padding-top: 0px !important;padding-bottom: 0px !important;}&#8221;]<\/p>\r\n\r\n<figure class=\"wp-block-video aligncenter\"><video src=\"https:\/\/olivierbeaugrand.com\/wp-content\/uploads\/2025\/06\/Main-Comp-2_2025-06-08_11_52.mp4\" preload=\"auto\" autoplay=\"autoplay\" loop=\"loop\" muted=\"\" width=\"1280\" height=\"360\"><\/video><\/figure>\r\n<p>[\/vc_column_text][vc_empty_space height=&#8221;16&#8243;][\/vc_column][vc_column width=&#8221;1\/2&#8243;][vc_column_text css=&#8221;.vc_custom_1749376039990{margin-top: 0px !important;margin-bottom: 0px !important;border-top-width: 0px !important;border-bottom-width: 0px !important;padding-top: 0px !important;padding-bottom: 0px !important;}&#8221;]<\/p>\r\n\r\n<figure class=\"wp-block-video aligncenter\"><video src=\"https:\/\/olivierbeaugrand.com\/wp-content\/uploads\/2025\/06\/Fruits_-_07_2025-06-08_11_38.mp4\" preload=\"auto\" autoplay=\"autoplay\" loop=\"loop\" muted=\"\" width=\"1280\" height=\"360\"><\/video><\/figure>\r\n<p><br \/>\r\n[\/vc_column_text][vc_column_text css=&#8221;.vc_custom_1749376302535{margin-top: 0px !important;margin-bottom: 0px !important;border-top-width: 0px !important;border-bottom-width: 0px !important;padding-top: 0px !important;padding-bottom: 0px !important;}&#8221;]<\/p>\r\n<figure class=\"wp-block-video aligncenter\"><video src=\"https:\/\/olivierbeaugrand.com\/wp-content\/uploads\/2025\/06\/Endframe_2025-06-08_11_41.mp4\" preload=\"auto\" autoplay=\"autoplay\" loop=\"loop\" muted=\"\" width=\"1280\" height=\"360\"><\/video><\/figure>\r\n<p>[\/vc_column_text][vc_column_text css=&#8221;.vc_custom_1749376217265{margin-top: 0px !important;margin-bottom: 0px !important;border-top-width: 0px !important;border-bottom-width: 0px !important;padding-top: 0px !important;padding-bottom: 0px !important;}&#8221;]<\/p>\r\n\r\n<figure class=\"wp-block-video aligncenter\"><video src=\"https:\/\/olivierbeaugrand.com\/wp-content\/uploads\/2025\/06\/Close-up_2025-06-08_11_38.mp4\" preload=\"auto\" autoplay=\"autoplay\" loop=\"loop\" muted=\"\" width=\"1280\" height=\"360\"><\/video><\/figure>\r\n<p>[\/vc_column_text][vc_empty_space height=&#8221;16&#8243;][\/vc_column][\/vc_row][vc_row][vc_column][\/vc_column][\/vc_row]<\/p>\r\n","protected":false},"excerpt":{"rendered":"<p>[vc_row lvca_dark_bg=&#8221;true&#8221; simple_background_color=&#8221;#000000&#8243;][vc_column][\/vc_column][\/vc_row][vc_row row_content_width=&#8221;grid&#8221; css=&#8221;.vc_custom_1619956442855{padding-top: 80px !important;padding-bottom: 180px !important;}&#8221; simple_background_color=&#8221;#000000&#8243;][vc_column][vc_column_text] \u00c0 l\u2019occasion du lancement des Agents AI de Pigment, j\u2019ai \u00e9t\u00e9 charg\u00e9 de concevoir &#8216; habillage graphique d\u2019une interview des deux fondateurs.L\u2019objectif : illustrer leurs propos de mani\u00e8re dynamique et accessible, \u00e0 travers une s\u00e9rie d\u2019animations 2D et 3D. En seulement quelques jours, j\u2019ai imagin\u00e9 un [&hellip;]<\/p>\n","protected":false},"author":1,"featured_media":0,"parent":0,"menu_order":0,"comment_status":"closed","ping_status":"closed","template":"full-width.php","meta":{"tpgb_global_settings":"","pgc_sgb_lightbox_settings":"","footnotes":""},"class_list":["post-5172","page","type-page","status-publish","hentry"],"tpgb_featured_images":null,"tpgb_post_meta_info":{"get_date":"8 June 2025","get_modified_date":"28 March 2026","author_name":"admin6889","author_url":"https:\/\/olivierbeaugrand.com\/index.php\/author\/admin6889\/","author_email":"olivierbeaugrand@live.com","author_website":"http:\/\/olivierbeaugrand.com","author_description":"","author_facebook":"","author_twitter":"","author_instagram":"","author_role":["administrator"],"author_firstname":"","author_lastname":"","user_login":"admin6889","author_avatar":"<img alt='' src='https:\/\/secure.gravatar.com\/avatar\/fbd75701553054cea1c09b841228b1c557bd5f292805dc0ee33c7d62685b5fd7?s=200&#038;d=mm&#038;r=g' srcset='https:\/\/secure.gravatar.com\/avatar\/fbd75701553054cea1c09b841228b1c557bd5f292805dc0ee33c7d62685b5fd7?s=400&#038;d=mm&#038;r=g 2x' class='avatar avatar-200 photo' height='200' width='200' loading='lazy' decoding='async'\/>","author_avatar_url":"https:\/\/secure.gravatar.com\/avatar\/fbd75701553054cea1c09b841228b1c557bd5f292805dc0ee33c7d62685b5fd7?s=96&d=mm&r=g","comment_count":0,"post_likes":0,"post_views":0},"tpgb_post_category":[],"_links":{"self":[{"href":"https:\/\/olivierbeaugrand.com\/index.php\/wp-json\/wp\/v2\/pages\/5172","targetHints":{"allow":["GET"]}}],"collection":[{"href":"https:\/\/olivierbeaugrand.com\/index.php\/wp-json\/wp\/v2\/pages"}],"about":[{"href":"https:\/\/olivierbeaugrand.com\/index.php\/wp-json\/wp\/v2\/types\/page"}],"author":[{"embeddable":true,"href":"https:\/\/olivierbeaugrand.com\/index.php\/wp-json\/wp\/v2\/users\/1"}],"replies":[{"embeddable":true,"href":"https:\/\/olivierbeaugrand.com\/index.php\/wp-json\/wp\/v2\/comments?post=5172"}],"version-history":[{"count":9,"href":"https:\/\/olivierbeaugrand.com\/index.php\/wp-json\/wp\/v2\/pages\/5172\/revisions"}],"predecessor-version":[{"id":5586,"href":"https:\/\/olivierbeaugrand.com\/index.php\/wp-json\/wp\/v2\/pages\/5172\/revisions\/5586"}],"wp:attachment":[{"href":"https:\/\/olivierbeaugrand.com\/index.php\/wp-json\/wp\/v2\/media?parent=5172"}],"curies":[{"name":"wp","href":"https:\/\/api.w.org\/{rel}","templated":true}]}}